x be 8/(-44) - 26/(-22). Let s(u) = -11*u + 6. Let y be s(x). Let c(t) be the first derivative of -t**2 - 6*t - 1. Give c(y).
4
Let k(o) = -7*o - 2. Let l be k(2). Let p(i) = i + 21. Let m be p(l). Let g(u) = u. Determine g(m).
5
Suppose -100 = -25*u - 725. Let q(n) = 2*n + 43. Determine q(u).
-7
Suppose 9*g - 5*g = -16. Let n(o) = o**2 + 4*o - 3. Determine n(g).
-3
Let b(q) = q + 4. Let n be b(-4). Suppose -k + 4 = -n. Let i(r) = -r + k + 3*r - 3*r. What is i(4)?
0
Let t(y) = -2*y - 4. Let k be t(-3). Suppose 86 = -2*p + 100. Let u(d) = -d**3 + k + d + 0*d**2 - p*d + d**2 + 4*d**2. Give u(4).
-6
Let i(u) = 14*u**3 - 29*u**3 + 14*u**3 - u - 1 - u**2. What is i(-4)?
51
Suppose -50*v + 28 = -46*v. Let q(b) = 3*b - 14. Calculate q(v).
7
Let g(s) = -s**3 + 6*s**2 - 5*s - 1. Suppose 3*o - 4*p + 2 = 0, -2*p - 4 = 2*p. Let x = 2 - o. Give g(x).
11
Let f be ((-28)/(-28))/(1/3). Let c(w) be the first derivative of 3/2*w**2 + 3 + 1/3*w**f - w. Determine c(-4).
3
Let m(w) be the first derivative of -w**3/3 + 7*w**2/2 - 3*w - 625. Give m(4).
9
Let t(s) = s + 1. Let m be 7*(0/(-2) - -2) + 3. Suppose 11*h - m - 27 = 0. Calculate t(h).
5
Let r(q) = -q + 1. Let w(x) = -x**2 + 8*x + 59. Let t(c) = -r(c) - w(c). Let l be t(-5). Let k(z) = -z**3 + z**2 - 15. What is k(l)?
-15
Let f(a) be the third derivative of 0*a**4 - 1/120*a**6 + 0*a + 0 - a**2 + 1/60*a**5 - 3/2*a**3. Let k = 344 + -344. Determine f(k).
-9
Let i(a) = -a**3 + 3*a - 29 - 2*a**2 + 27 - 7*a. Let r(s) = 2*s - 10. Let c be r(4). Determine i(c).
6
Let o(y) = -4 + 0*y - 3*y - 2*y - 9 + 4*y. Calculate o(-4).
-9
Let s(b) be the third derivative of 0 + 4*b**2 + 1/8*b**4 + 1/6*b**3 + 0*b. Let g(h) = h - 10. Let q be g(7). What is s(q)?
-8
Let t(b) = b**3 + 7*b**2 - 8*b - 11. Let v be (1/(-3))/(-2*(-9)/432). Calculate t(v).
-11
Let i(l) be the second derivative of l**5/20 - 5*l**4/12 + l**3/6 - 5*l**2 - 272*l. Calculate i(5).
-5
Let q(k) = -k + 7. Let l(b) = -3*b + 20. Let u(s) = 3*l(s) - 8*q(s). Let d = 10 + -21. Let x be d/(-3) - (-5)/15. Give u(x).
0
Let i(r) = 2*r**3 - 4*r**3 - 4*r + r**3 - 7*r**2 + 2. Let g(o) = 26 + 7 + 11 - 1 - 7*o. Let s be g(7). What is i(s)?
-10
Suppose 0*s = 4*p + s + 2, 0 = 2*p + s. Suppose 4*h = 5*j - 30, -5*h - 5 = -j + 22. Let t(x) = 2*x + 1. Let n(k) = -k. Let l(u) = h*n(u) - t(u). Give l(p).
-4
Let r(d) = -26*d**3 + d**2 - d. Let i be -7 + -2*(-4 - 0). What is r(i)?
-26
Let l be 2/(-4 + 2) - (7 + -6). Let b(n) = -n - 1. What is b(l)?
1
Let l(b) be the first derivative of -11*b**4/4 - 10*b**3/3 - 23*b**2/2 + 31. Let t(r) = -5*r**3 - 5*r**2 - 11*r. Let u(v) = 6*l(v) - 13*t(v). Calculate u(6).
-6
Let p(w) = w + 30. Let t(c) = 6*c + 121. Let d(r) = 9*p(r) - 2*t(r). What is d(7)?
7
Let v(d) = d**2 - 3*d. Let j(s) be the third derivative of -7*s**4/24 + s**3/3 - 4*s**2. Let m be j(1). Let g be 25/(-2)*2/m. Determine v(g).
10
Let g(f) be the second derivative of 0 - 11*f + 3/4*f**4 + 1/20*f**5 + 0*f**2 + 3/2*f**3. Determine g(-8).
-8
Let x(d) be the first derivative of 11*d**5/10 + d**4/12 - d**3/6 + d**2/2 - d - 17. Let u(q) be the first derivative of x(q). Give u(1).
23
Let g(o) = -o**3 - 10*o**2 - 11*o + 7. Let m(y) = 37*y + 213. Let a be m(-6). Determine g(a).
25
Let q(m) = m**2 - 4*m - 2. Let r(o) = o**2 + 14*o + 18. Let w = -7 + -6. Let v be r(w). Let x be q(v). Let f(c) = -c**3 + 3*c**2 - c + 1. Determine f(x).
-2
Let v(f) = -10*f**2 - 3*f - 5. Let g(l) = -l - 1. Let x(z) = -6*g(z) + v(z). Let h(y) = -10*y**2 + 2*y + 1. Let n(a) = -4*h(a) + 3*x(a). What is n(1)?
10
Let b(u) = -u**2 + 3*u + 2. Let f = 17 - 3. Suppose -3*h - 5*c + f = 0, h - 4*c = 4*h - 13. Suppose 3*k = -h, -k = p + 3*k. Give b(p).
-2
Let x(i) be the second derivative of -i**3/2 - 3*i**2/2 - i. Let h(t) = -t**2 + 10*t + 44. Let y be h(13). Suppose y*c - 13 = l, c = -l - 0*c - 1. What is x(l)?
6
Suppose 0 = -5*u + 19*u + 56. Let h(q) = -q**3 + q**2 + 5 + 2*q**2 - 6*q**2 + 4*q. Calculate h(u).
5
Let a(q) = -3*q - 10. Suppose 185*z = 162*z - 138. Calculate a(z).
8
Let z(g) = 10*g**3 + g**2 + 2*g + 1. Let m = 31 + -37. Let p = 5 + m. Determine z(p).
-10
Let h(f) = 7*f**3 - 15*f**2 - 6*f + 19. Let k(c) = -6*c**3 + 12*c**2 + 6*c - 16. Let q(b) = 5*h(b) + 6*k(b). Determine q(-6).
71
Let v(l) = -l**3 + l**2 - l - 7. Suppose -26*g - 28*g = -55*g. Determine v(g).
-7
Suppose k = -g + 2, -2*g - 6*k = -2*k - 12. Let b(v) = -11*v - 16. What is b(g)?
6
Let c(d) be the second derivative of 1/6*d**3 - 9*d - 3*d**2 + 0. Calculate c(0).
-6
Let g(p) = -3*p**2 + 5*p - 10. Let j(b) = -b**2 + 2. Let i(d) = g(d) - 4*j(d). What is i(-6)?
-12
Suppose -3*v - 3*q = -9, 0 = 5*v + 3*q - 3 - 10. Let l(j) = -j**2 - 1 - 7*j + 0*j**2 + 0*j**v. Suppose 2*b = -b - 21. Determine l(b).
-1
Let w(s) = 11*s - 2. Suppose -15*a + 20*a - 5*p = 5, 0 = 4*a + 3*p + 17. Give w(a).
-24
Let i(n) = -n**3 - 1 + 2*n**3 + 2*n - 2*n**3. Let g = 23 - 14. Suppose -3*c + 3*u = 2*u - g, -3*c - 4*u = 6. Give i(c).
-5
Let u = 8 + -6. Suppose 0 = y + 4*q + 6, -u*y = -y + q. Suppose 3*z - y = 1. Let m(g) = g. Calculate m(z).
1
Let v be 2 + (-28)/24 + 1/6. Let a(f) be the third derivative of f**7/840 - f**5/60 + f**2. Let h(j) be the third derivative of a(j). Determine h(v).
6
Let u(j) = 5*j. Let m(b) = b. Let o(h) = 3*m(h) - u(h). Give o(1).
-2
Let y be ((-120)/(-36) - 2/6) + 4. Let x(a) = 4*a - 3. Calculate x(y).
25
Let z be 2/(4 + 190/(-45)). Let u = -8 - z. Let p(n) = -n**2 - 2*n + 1. Give p(u).
-2
Let g(y) = -y**2 + 4*y**2 + y**3 - y + 2*y**2 - 7. Let r(o) = -12*o + 91. Let q be r(8). What is g(q)?
-2
Let a(b) = -9*b + 74. Let g = -652 - -660. Give a(g).
2
Let j be 56/16*4/7. Let t(b) = -3 + 5 - 2*b - j*b - 5. Determine t(-3).
9
Let j(v) = -v**3 + 18*v - 4 + 4*v + 1 + 20*v - 19*v**2 + 8. Calculate j(-21).
5
Let a be (-6 - -4)/(10/(-45)). Let v(o) = -o - 5 + a*o - 4 - 9*o + o**2. Calculate v(0).
-9
Let n(y) = -5*y**2 - 9 + 3*y**3 - 3*y - 4*y**3 - y**2. Let d be 24/(-9)*45/20. What is n(d)?
9
Let n(i) = 1 + 24*i + 26*i + 19*i + 29*i - 97*i. Give n(3).
4
Suppose -38*i = 17*i - 55. Let u(w) be the first derivative of w**4 + w**3/3 - w - 9. Determine u(i).
4
Let y(i) = -4*i**2 + i. Let p(x) = 17*x**2 - 1. Let t(h) = p(h) + 4*y(h). Suppose -3*z - 8 - 4 = 0. Give t(z).
-1
Suppose 0 = 5*c + 2*j - 21, -4*j + j - 6 = 0. Let p(q) be the second derivative of q**4/12 - 5*q**3/6 - q**2/2 + 2*q. Calculate p(c).
-1
Let q(c) = 1944 - 1944 + c**2 + c - 3*c**2 + c**3. Calculate q(1).
0
Let n(h) be the third derivative of h**4/24 + h**3/3 + h**2. Let m = 277 - 278. Calculate n(m).
1
Let i(p) = 2*p**2 - 11*p + 4. Let f be i(5). Let d be 2 + -4*f/4. Let z(o) = -o**2 - 2*o + 2. What is z(d)?
-13
Let s be (-39)/7 - 8/(-14). Let l be -9*(15/9)/s. Let r(z) = -4*z**2 + 0 - 1 + l*z**2 - 7*z. What is r(-6)?
5
Let u(k) = 6*k**2 - 6*k + 7. Let d = 3205 + -3202. Calculate u(d).
43
Let g(b) = -b**2 - 4*b - 3. Let i(f) = f**2 + 4*f + 1. Let j be i(-4). Let n = 7 + -8. Let d be n/((j/(-3))/(-1)). What is g(d)?
0
Suppose 4*q = 2*w - 8, 2*q = 5*w - 2*q - 14. Let l(k) = 0*k + k - 3 + 2*k**w + 2*k. Let s(u) = u**3 - 18*u**2 + 3*u - 57. Let h be s(18). Determine l(h).
6
Let l = -18 + 21. Let g(p) = 9 + 3*p + 2*p**3 + l*p**2 - 2*p - 4*p**2 - p**3. Determine g(0).
9
Suppose 0*u - u = 0. Let k(t) be the first derivative of -t**4/12 + t**3/6 - t**2/2 - 8*t - 9. Let s(h) be the first derivative of k(h). Calculate s(u).
-1
Let o(i) = -i**3 + i**2 + i - 1. Let t(b) = 3*b**3 + 12*b**2 - 16*b + 9. Let m(f) = -2*o(f) - t(f). Determine m(-15).
8
Suppose 4 = 7*w - 17. Let b(z) = 3*z + 2. Let p(l) = -4*l - 2. Let a(d) = 6*b(d) + 5*p(d). Determine a(w).
-4
Let f = 142 + -143. Let j(k) = -14*k**3 - 2*k**2 - k. Give j(f).
13
Let p(r) be the second derivative of -r**3/2 + 7*r**2/2 + 70*r. Give p(6).
-11
Suppose -3*b - 15 = -4*n, 4*b = -b - n - 48. Let j(k) = -k**3 - 9*k**2 + 4. Give j(b).
4
Let b(m) = -4*m**2 - 4*m - 9. Let n(v) = -v**2 - v. Let j(l) = b(l) - 3*n(l). Let z be (-1)/6*-2*0. Give j(z).
-9
Let g(s) be the second derivative of s**3/2 + 2*s**2 - s - 27. Determine g(5).
19
Let l(f) = -6 - 4 - 8*f**2 + 5 + f**3 + 3 + 7*f. Give l(7).
-2
Let m(c) be the second derivative of -5*c**4/6 + 7*c**3/6 + 5*c**2 - 219*c. Let q(t) = -t - 7*t**2 + t + 7 + 5*t. Let h(s) = -5*m(s) + 7*q(s). Calculate h(2).
3
Let l(u) be 